s = 216 + -426. Let n be s/20*(-5 + -1). Calculate the greatest common divisor of n and 21.
21
Let c = 23 + 1. Suppose 5*x - c = 3*x. What is the highest common divisor of x and 132?
12
Suppose -b + 24 = -y, 39 = b - 3*y + 9. Suppose -3*c = -4*j - 296, c - j = 77 + b. What is the greatest common divisor of c and 12?
12
Suppose -9*s + 5*s = -2*m - 2, -3*s + 12 = 2*m. Suppose 4*r - h - 356 = -141, 0 = m*r + 3*h - 165. What is the highest common divisor of 36 and r?
18
Let h = -180 - -274. Let x be (-47)/(-1)*(24 - 11 - 8). Calculate the highest common factor of x and h.
47
Suppose 5*r - 123 = 3*p, p = -77*r + 78*r - 25. Suppose -2*l + 15 + 81 = 0. What is the greatest common factor of l and r?
24
Suppose -520 = l - 6*l. Let t be (-73 - -72 - -2*1)*13. What is the greatest common divisor of t and l?
13
Suppose -3*z = -7*z - 4*l - 4, 4*z - 2*l = 20. Suppose -z*p + 24 = -5*r + 2*r, 0 = 3*p - r - 20. Calculate the greatest common factor of p and 150.
6
Suppose -5*i = -j - 93 - 112, -j - 79 = -2*i. Calculate the greatest common factor of i and 42.
42
Let w = -53 - -53. Let f be 1*5*(8 + w/(-5)). Calculate the highest common factor of f and 5.
5
Let k = -449 + 661. Let g = 40 + k. Suppose -g = v - 3*v. What is the greatest common factor of 14 and v?
14
Suppose -5*x + n = -5 - 267, -4*n - 8 = 0. What is the greatest common factor of 84 and x?
6
Suppose 159 = -2*z - 5*s, 5*z + 16*s - 21*s + 310 = 0. Let f be 2 + ((-60)/(-2))/1. Let o be f/(-80) - z/5. What is the greatest common divisor of 91 and o?
13
Let v = -2587 + 4470. What is the greatest common divisor of 7 and v?
7
Suppose -w - 54 = 2*c - 3*c, -218 = -4*c + 2*w. Suppose 3*f = -2*l + 65, -5*l = 2*f - c - 3. What is the highest common divisor of 171 and f?
19
Suppose -33*r - 2297 + 32393 = 0. Calculate the greatest common factor of r and 57.
57
Let m = 1202 - 1127. What is the greatest common divisor of m and 300?
75
Let n be 891/(-1)*(31/(-3) + 10). Calculate the greatest common factor of n and 66.
33
Let r be (-2)/(-4) - (-284)/8. Let t = 2574 - 2520. Calculate the greatest common divisor of r and t.
18
Suppose -30*d + 25*d - 260 = 0. Suppose -3*m + 376 = m. Let l = m + d. What is the highest common factor of l and 28?
14
Let i(r) = -11*r - 226. Let h be i(-22). Calculate the greatest common divisor of h and 24.
8
Let l be (27/(-5))/(((-108)/(-45))/(-12)). Calculate the greatest common divisor of l and 6.
3
Let g = -1 + 4. Suppose g*x + 43 = v, 0 = -5*x + x + v - 57. Let l be (-228)/x + (-14)/49. Calculate the highest common factor of 4 and l.
4
Suppose 4 = r, -4*r = 2*a - 8 - 14. Calculate the greatest common factor of 3 and a.
3
Suppose 2*t - 3 + 19 = 0. Let d(r) = 2*r + 22. Let y be d(t). Calculate the highest common factor of 9 and y.
3
Suppose 3*h + 11 = -37. Let a = h - -26. Let d be (a + -31)*(-5)/3. What is the greatest common factor of d and 7?
7
Suppose 0*c - 3*c = -222. Let f = -65 + c. What is the greatest common factor of 3 and f?
3
Suppose -2*s = -0*s - 38. Suppose 28 + 67 = 5*g. What is the greatest common factor of g and s?
19
Let z be (-364)/(-16) + (-6)/(-24). Let p be ((-6090)/72 + 1/4)*-3. Calculate the highest common divisor of z and p.
23
Suppose m + 5*x = 40, -x - x = -m + 61. Let r be (8/2)/(10/m). Calculate the highest common divisor of 2 and r.
2
Suppose -11*b + 34 = 6*b. Suppose -4*j + b*q = 5*q - 138, j - 2*q = 40. Calculate the highest common divisor of 12 and j.
12
Suppose -2*v - 2*v = -16. Let a be ((8/(-6))/((-4)/60))/1. Calculate the greatest common divisor of a and v.
4
Let n be ((-42)/(-5))/((-22)/(-5) + -4). Let s(p) = -p**2 + 22*p - 11. Let y be s(n). What is the highest common factor of 60 and y?
10
Suppose o - 1 = 3. Let m be -1*(-13 - 4/o). Let i be (-2)/1 + (-156)/(-1). Calculate the highest common divisor of i and m.
14
Suppose 0 = 19*b - 16*b - 5*k - 31, 0 = 2*b + 2*k - 26. Calculate the highest common factor of 444 and b.
12
Let t(s) = s**3 - 3*s + 2. Let n be t(-3). Let v be (-17)/(-4) + 4/n. Let y be (2 + (-2)/4)*v. What is the highest common factor of y and 2?
2
Let s = -34 + 29. Suppose -d - 2*d = -3. Let z be (s - -7) + d*28. Calculate the greatest common divisor of 10 and z.
10
Suppose -141 + 7245 = 4*x. Let d be x/40 + 3/5. Let s be 2 + (-2)/((-4)/(-6)) - -19. What is the highest common divisor of d and s?
9
Let d(m) = -m + 143. Let k be d(0). Let r(b) = 3*b**2 - 57*b + 115. Let a be r(17). What is the greatest common divisor of k and a?
13
Let m(v) = 21*v - 686. Let j be m(38). Calculate the greatest common factor of j and 154.
14
Let u be 3 + 1 - 2/(-2). Suppose h - 37 = -0*x - x, -5*h = -u*x + 235. Let c = 98 - x. What is the highest common factor of c and 7?
7
Suppose -6*w + 112 = -80. Calculate the highest common factor of 368 and w.
16
Suppose -y + 5 = 10, 3*y + 75 = c. Let t = c + -42. Suppose 7*h - 145 = 107. Calculate the highest common divisor of h and t.
18
Suppose 6205 = 35*y + 850. Calculate the highest common factor of 68 and y.
17
Let o(k) = -51*k**3 - 9*k**2 - 5*k - 11. Let y be o(-3). What is the highest common factor of 52 and y?
52
Let s(l) = -11*l + 186. Let m be s(16). Calculate the highest common factor of 6 and m.
2
Let c(v) = 5*v - 21. Let h be c(-6). Let a = -37 - h. What is the greatest common divisor of 98 and a?
14
Let j(h) = 6*h**3 - 2*h**2 + 2*h - 1. Let k = -35 + 36. Let y be j(k). Calculate the highest common divisor of 35 and y.
5
Suppose 4*j = -j + 35. Let a = -23 - -58. Calculate the highest common factor of a and j.
7
Let f = -229 + 241. Let r be -1*(-3)/1 - 0. Suppose -12 = 2*v - r*v. Calculate the greatest common divisor of v and f.
12
Let m be (97 - (5 + -3))*(-198)/(-45). Calculate the highest common divisor of m and 11.
11
Let m(g) = g + 3 - 1 - 6 + 2. Let b be m(9). Let u be (-7)/((-17)/(-9) - 2). Calculate the greatest common factor of u and b.
7
Let m(b) = -2*b + 20. Suppose -24 = k + 3*k. Let l be m(k). What is the greatest common divisor of 80 and l?
16
Suppose -312 = 8*l - 2776. What is the highest common divisor of l and 28?
28
Suppose 11*j - 517 - 1485 = 0. Let q = 4 - 0. Suppose -4*g + 8 = -2*g, 0 = -4*t + q*g + 88. Calculate the highest common factor of j and t.
26
Let m(h) = -5 + 3 - 8 - 2*h. Let n be m(-7). What is the greatest common divisor of 16 and n?
4
Let k(q) = -q**3 - 16*q**2 + 16*q - 17. Let t be k(-17). Suppose -12*n = -t*n - 240. What is the highest common divisor of n and 70?
10
Suppose -15*m = 10*m - 275. Calculate the highest common factor of 4345 and m.
11
Suppose 8*j - 11*j = -4*g + 210, -3*j = 2*g + 210. Let m(o) = 7*o + 8. Let k be m(6). Let s = k - j. Calculate the highest common divisor of s and 15.
15
Let r be 0*(-2 + 5/2). Suppose -w - 1 + 0 = r. Let d(u) = -17*u. Let h be d(w). What is the greatest common divisor of 17 and h?
17
Suppose -5*j = 2*s - 80, -48*s - 2*j = -49*s + 31. What is the greatest common divisor of s and 21?
7
Suppose 13*y - 5*y - 32 = 0. Let x be 8*(-2 + 4)/y. What is the highest common divisor of 28 and x?
4
Let w be 5/(20/46)*2. Let s be (2/5)/((-1)/(-50)). Let z = w - s. Calculate the highest common divisor of 6 and z.
3
Let w(z) = -12*z + 172. Let m be w(7). Calculate the highest common divisor of 110 and m.
22
Suppose 0 = 44*m - 12*m - 10880. Calculate the highest common divisor of m and 30.
10
Let r be ((-20)/(-60))/((-2)/(-48)). Suppose 4*f + r = 24. Calculate the greatest common divisor of f and 1.
1
Let i be (-2)/5 + (-182)/(-5). What is the greatest common divisor of 63 and i?
9
Let n(x) = -x**2 - 2*x + 7. Let d be n(-5). Let h = -2 - d. Suppose -2*z + h = 2. What is the highest common divisor of 10 and z?
2
Suppose 44*b - 139 = -7. Suppose 0 = 4*c + u + 6, 5*c - 4*u = 4 - 1. Let z be 2 - ((1 - 1) + c). Calculate the highest common factor of b and z.
3
Let v = 76 - 36. Suppose 5*b + 11*b - 2240 = 0. Calculate the highest common divisor of b and v.
20
Let b = -38 + 142. Let a be (-9)/(-6) + 14/(-4). Let j be (0/a - (3 - 5)) + 11. Calculate the highest common factor of b and j.
13
Let p be 5 + 4*12/(-8). Let a be 2 - -101 - p/1. What is the greatest common factor of 8 and a?
8
Let t(j) = 2*j - 18. Let x be t(12). Suppose 120 = 2*n - x*h + 2*h, 0 = -4*n + h + 268. What is the greatest common factor of n and 170?
34
Let m = 98 + -92. Let g 